[INFO] fetching crate thyme 0.6.0...
[INFO] checking thyme-0.6.0 against master#9610dfe5a9a731ced1ea4923ecbd0c57fe367898 for beta-170-4
[INFO] extracting crate thyme 0.6.0 into /workspace/builds/worker-1-tc1/source
[INFO] validating manifest of crates.io crate thyme 0.6.0 on toolchain 9610dfe5a9a731ced1ea4923ecbd0c57fe367898
[INFO] running `Command { std: CARGO_HOME="/workspace/cargo-home" RUSTUP_HOME="/workspace/rustup-home" "/workspace/cargo-home/bin/cargo" "+9610dfe5a9a731ced1ea4923ecbd0c57fe367898" "metadata" "--manifest-path" "Cargo.toml" "--no-deps", kill_on_drop: false }`
[INFO] started tweaking crates.io crate thyme 0.6.0
[INFO] removed 0 missing examples
[INFO] finished tweaking crates.io crate thyme 0.6.0
[INFO] tweaked toml for crates.io crate thyme 0.6.0 written to /workspace/builds/worker-1-tc1/source/Cargo.toml
[INFO] crate crates.io crate thyme 0.6.0 already has a lockfile, it will not be regenerated
[INFO] running `Command { std: CARGO_HOME="/workspace/cargo-home" RUSTUP_HOME="/workspace/rustup-home" "/workspace/cargo-home/bin/cargo" "+9610dfe5a9a731ced1ea4923ecbd0c57fe367898" "fetch" "--manifest-path" "Cargo.toml", kill_on_drop: false }`
[INFO] running `Command { std: "docker" "create" "-v" "/var/lib/crater-agent-workspace/builds/worker-1-tc1/target:/opt/rustwide/target:rw,Z" "-v" "/var/lib/crater-agent-workspace/builds/worker-1-tc1/source:/opt/rustwide/workdir:ro,Z" "-v" "/var/lib/crater-agent-workspace/cargo-home:/opt/rustwide/cargo-home:ro,Z" "-v" "/var/lib/crater-agent-workspace/rustup-home:/opt/rustwide/rustup-home:ro,Z" "-e" "SOURCE_DIR=/opt/rustwide/workdir" "-e" "CARGO_TARGET_DIR=/opt/rustwide/target" "-e" "CARGO_HOME=/opt/rustwide/cargo-home" "-e" "RUSTUP_HOME=/opt/rustwide/rustup-home" "-w" "/opt/rustwide/workdir" "-m" "1610612736" "--user" "0:0" "--network" "none" "ghcr.io/rust-lang/crates-build-env/linux@sha256:19e73879b68f455e41552ea35293514db52ea292d993f571636dbffedb77a1ee" "/opt/rustwide/cargo-home/bin/cargo" "+9610dfe5a9a731ced1ea4923ecbd0c57fe367898" "metadata" "--no-deps" "--format-version=1", kill_on_drop: false }`
[INFO] [stdout] 86f545dda6453e980b5c5330ebb2074192302dfbcc0fbf448d52bd492cb074c0
[INFO] running `Command { std: "docker" "start" "-a" "86f545dda6453e980b5c5330ebb2074192302dfbcc0fbf448d52bd492cb074c0", kill_on_drop: false }`
[INFO] running `Command { std: "docker" "inspect" "86f545dda6453e980b5c5330ebb2074192302dfbcc0fbf448d52bd492cb074c0", kill_on_drop: false }`
[INFO] running `Command { std: "docker" "rm" "-f" "86f545dda6453e980b5c5330ebb2074192302dfbcc0fbf448d52bd492cb074c0", kill_on_drop: false }`
[INFO] [stdout] 86f545dda6453e980b5c5330ebb2074192302dfbcc0fbf448d52bd492cb074c0
[INFO] running `Command { std: "docker" "create" "-v" "/var/lib/crater-agent-workspace/builds/worker-1-tc1/target:/opt/rustwide/target:rw,Z" "-v" "/var/lib/crater-agent-workspace/builds/worker-1-tc1/source:/opt/rustwide/workdir:ro,Z" "-v" "/var/lib/crater-agent-workspace/cargo-home:/opt/rustwide/cargo-home:ro,Z" "-v" "/var/lib/crater-agent-workspace/rustup-home:/opt/rustwide/rustup-home:ro,Z" "-e" "SOURCE_DIR=/opt/rustwide/workdir" "-e" "CARGO_TARGET_DIR=/opt/rustwide/target" "-e" "CARGO_INCREMENTAL=0" "-e" "RUST_BACKTRACE=full" "-e" "RUSTFLAGS=--cap-lints=forbid" "-e" "RUSTDOCFLAGS=--cap-lints=forbid" "-e" "CARGO_HOME=/opt/rustwide/cargo-home" "-e" "RUSTUP_HOME=/opt/rustwide/rustup-home" "-w" "/opt/rustwide/workdir" "-m" "1610612736" "--user" "0:0" "--network" "none" "ghcr.io/rust-lang/crates-build-env/linux@sha256:19e73879b68f455e41552ea35293514db52ea292d993f571636dbffedb77a1ee" "/opt/rustwide/cargo-home/bin/cargo" "+9610dfe5a9a731ced1ea4923ecbd0c57fe367898" "check" "--frozen" "--all" "--all-targets" "--message-format=json", kill_on_drop: false }`
[INFO] [stdout] d07718a7dc84e62f7c78d840025edf944acfe1b5ec1f08ec552aa419329dcbd1
[INFO] running `Command { std: "docker" "start" "-a" "d07718a7dc84e62f7c78d840025edf944acfe1b5ec1f08ec552aa419329dcbd1", kill_on_drop: false }`
[INFO] [stderr]    Compiling libc v0.2.92
[INFO] [stderr]    Compiling proc-macro2 v1.0.24
[INFO] [stderr]    Compiling unicode-xid v0.2.1
[INFO] [stderr]    Compiling autocfg v1.0.1
[INFO] [stderr]    Compiling pkg-config v0.3.19
[INFO] [stderr]    Compiling xml-rs v0.8.3
[INFO] [stderr]     Checking libloading v0.7.0
[INFO] [stderr]    Compiling log v0.4.14
[INFO] [stderr]    Compiling memchr v2.3.4
[INFO] [stderr]     Checking cfg-if v0.1.10
[INFO] [stderr]     Checking smallvec v1.6.1
[INFO] [stderr]     Checking dlib v0.5.0
[INFO] [stderr]    Compiling nom v6.1.2
[INFO] [stderr]    Compiling num-traits v0.2.14
[INFO] [stderr]    Compiling syn v1.0.65
[INFO] [stderr]    Compiling wayland-sys v0.28.5
[INFO] [stderr]     Checking once_cell v1.7.2
[INFO] [stderr]    Compiling num-integer v0.1.44
[INFO] [stderr]    Compiling serde_derive v1.0.125
[INFO] [stderr]     Checking downcast-rs v1.2.0
[INFO] [stderr]    Compiling quote v1.0.9
[INFO] [stderr]     Checking ttf-parser v0.6.2
[INFO] [stderr]     Checking scoped-tls v1.0.0
[INFO] [stderr]    Compiling nix v0.18.0
[INFO] [stderr]    Compiling wayland-scanner v0.28.5
[INFO] [stderr]    Compiling serde v1.0.125
[INFO] [stderr]     Checking ab_glyph_rasterizer v0.1.4
[INFO] [stderr]    Compiling crc32fast v1.2.1
[INFO] [stderr]    Compiling x11-dl v2.18.5
[INFO] [stderr]    Compiling num-rational v0.3.2
[INFO] [stderr]     Checking nix v0.20.0
[INFO] [stderr]     Checking net2 v0.2.37
[INFO] [stderr]     Checking iovec v0.1.4
[INFO] [stderr]     Checking owned_ttf_parser v0.6.0
[INFO] [stderr]     Checking mio v0.6.23
[INFO] [stderr]     Checking rusttype v0.9.2
[INFO] [stderr]    Compiling num-iter v0.1.42
[INFO] [stderr]    Compiling unicase v2.6.0
[INFO] [stderr]     Checking instant v0.1.9
[INFO] [stderr]     Checking libloading v0.6.7
[INFO] [stderr]     Checking xdg v2.2.0
[INFO] [stderr]     Checking lazycell v1.3.0
[INFO] [stderr]     Checking mio-extras v2.0.6
[INFO] [stderr]     Checking dlib v0.4.2
[INFO] [stderr]     Checking lock_api v0.4.2
[INFO] [stderr]    Compiling wayland-client v0.28.5
[INFO] [stderr]    Compiling wayland-protocols v0.28.5
[INFO] [stderr]     Checking xcursor v0.3.3
[INFO] [stderr]     Checking andrew v0.3.1
[INFO] [stderr]     Checking parking_lot_core v0.8.3
[INFO] [stderr]     Checking inotify-sys v0.1.5
[INFO] [stderr]     Checking memmap2 v0.1.0
[INFO] [stderr]    Compiling pulldown-cmark v0.8.0
[INFO] [stderr]     Checking linked-hash-map v0.5.4
[INFO] [stderr]     Checking png v0.16.8
[INFO] [stderr]     Checking yaml-rust v0.4.5
[INFO] [stderr]     Checking inotify v0.7.1
[INFO] [stderr]     Checking parking_lot v0.11.1
[INFO] [stderr]     Checking raw-window-handle v0.3.3
[INFO] [stderr]     Checking filetime v0.2.14
[INFO] [stderr]     Checking percent-encoding v2.1.0
[INFO] [stderr]     Checking dtoa v0.4.8
[INFO] [stderr]     Checking jpeg-decoder v0.1.22
[INFO] [stderr]     Checking notify v4.0.15
[INFO] [stderr]     Checking rustc-hash v1.1.0
[INFO] [stderr]     Checking image v0.23.14
[INFO] [stderr]     Checking wayland-commons v0.28.5
[INFO] [stderr]     Checking calloop v0.6.5
[INFO] [stderr]     Checking wayland-cursor v0.28.5
[INFO] [stderr]     Checking smithay-client-toolkit v0.12.3
[INFO] [stderr]     Checking erased-serde v0.3.13
[INFO] [stderr]     Checking serde_yaml v0.8.17
[INFO] [stderr]     Checking winit v0.24.0
[INFO] [stderr]     Checking thyme v0.6.0 (/opt/rustwide/workdir)
[INFO] [stdout] warning: unused imports: `Context`, `Frame`, `WinitIo`
[INFO] [stdout]  --> src/app_builder.rs:6:43
[INFO] [stdout]   |
[INFO] [stdout] 6 | use crate::{Error, Point, ContextBuilder, Context, WinitIo, Frame};
[INFO] [stdout]   |                                           ^^^^^^^  ^^^^^^^  ^^^^^
[INFO] [stdout]   |
[INFO] [stdout]   = note: `#[warn(unused_imports)]` on by default
[INFO] [stdout] 
[INFO] [stdout] 
[INFO] [stdout] warning: unused imports: `Context`, `Frame`, `WinitIo`
[INFO] [stdout]  --> src/app_builder.rs:6:43
[INFO] [stdout]   |
[INFO] [stdout] 6 | use crate::{Error, Point, ContextBuilder, Context, WinitIo, Frame};
[INFO] [stdout]   |                                           ^^^^^^^  ^^^^^^^  ^^^^^
[INFO] [stdout]   |
[INFO] [stdout]   = note: `#[warn(unused_imports)]` on by default
[INFO] [stdout] 
[INFO] [stdout] 
[INFO] [stdout] warning: trait objects without an explicit `dyn` are deprecated
[INFO] [stdout]    --> src/resource.rs:120:25
[INFO] [stdout]     |
[INFO] [stdout] 120 |             Ok(Box::new(Deserializer::erase(result)))
[INFO] [stdout]     |                         ^^^^^^^^^^^^
[INFO] [stdout]     |
[INFO] [stdout]     = warning: this is accepted in the current edition (Rust 2018) but is a hard error in Rust 2021!
[INFO] [stdout]     = note: for more information, see <https://doc.rust-lang.org/nightly/edition-guide/rust-2021/warnings-promoted-to-error.html>
[INFO] [stdout]     = note: `#[warn(bare_trait_objects)]` on by default
[INFO] [stdout] help: use `dyn`
[INFO] [stdout]     |
[INFO] [stdout] 120 |             Ok(Box::new(<dyn Deserializer>::erase(result)))
[INFO] [stdout]     |                         ++++             +
[INFO] [stdout] 
[INFO] [stdout] 
[INFO] [stdout] warning: trait objects without an explicit `dyn` are deprecated
[INFO] [stdout]    --> src/resource.rs:120:25
[INFO] [stdout]     |
[INFO] [stdout] 120 |             Ok(Box::new(Deserializer::erase(result)))
[INFO] [stdout]     |                         ^^^^^^^^^^^^
[INFO] [stdout]     |
[INFO] [stdout]     = warning: this is accepted in the current edition (Rust 2018) but is a hard error in Rust 2021!
[INFO] [stdout]     = note: for more information, see <https://doc.rust-lang.org/nightly/edition-guide/rust-2021/warnings-promoted-to-error.html>
[INFO] [stdout]     = note: `#[warn(bare_trait_objects)]` on by default
[INFO] [stdout] help: use `dyn`
[INFO] [stdout]     |
[INFO] [stdout] 120 |             Ok(Box::new(<dyn Deserializer>::erase(result)))
[INFO] [stdout]     |                         ++++             +
[INFO] [stdout] 
[INFO] [stdout] 
[INFO] [stdout] warning: method `register_resources` is never used
[INFO] [stdout]    --> src/app_builder.rs:250:8
[INFO] [stdout]     |
[INFO] [stdout] 30  | impl AppBuilder {
[INFO] [stdout]     | --------------- method in this implementation
[INFO] [stdout] ...
[INFO] [stdout] 250 |     fn register_resources(&self, context_builder: &mut ContextBuilder) -> Result<(), Error> {
[INFO] [stdout]     |        ^^^^^^^^^^^^^^^^^^
[INFO] [stdout]     |
[INFO] [stdout]     = note: `#[warn(dead_code)]` on by default
[INFO] [stdout] 
[INFO] [stdout] 
[INFO] [stdout] warning: method `get_files` is never used
[INFO] [stdout]    --> src/app_builder.rs:445:8
[INFO] [stdout]     |
[INFO] [stdout] 444 | impl AssetSource {
[INFO] [stdout]     | ---------------- method in this implementation
[INFO] [stdout] 445 |     fn get_files(&self, base: PathBuf, extensions: &[&str]) -> Result<Vec<(String, PathBuf)>, Error> {
[INFO] [stdout]     |        ^^^^^^^^^
[INFO] [stdout] 
[INFO] [stdout] 
[INFO] [stdout] warning: function `add_path` is never used
[INFO] [stdout]    --> src/app_builder.rs:485:4
[INFO] [stdout]     |
[INFO] [stdout] 485 | fn add_path(path: PathBuf, out: &mut Vec<(String, PathBuf)>) {
[INFO] [stdout]     |    ^^^^^^^^
[INFO] [stdout] 
[INFO] [stdout] 
[INFO] [stdout] warning: field `expanded` is never read
[INFO] [stdout]   --> src/context.rs:15:9
[INFO] [stdout]    |
[INFO] [stdout] 13 | pub(crate) struct PersistentStateData {
[INFO] [stdout]    |                   ------------------- field in this struct
[INFO] [stdout] 14 |     pub is_open: bool,
[INFO] [stdout] 15 |     pub expanded: bool,
[INFO] [stdout]    |         ^^^^^^^^
[INFO] [stdout]    |
[INFO] [stdout]    = note: `PersistentStateData` has a derived impl for the trait `Clone`, but this is intentionally ignored during dead code analysis
[INFO] [stdout] 
[INFO] [stdout] 
[INFO] [stdout] warning: methods `top_rend_group`, `check_set_rend_group_top`, `base_time_millis_for`, and `next_frame` are never used
[INFO] [stdout]    --> src/context.rs:186:19
[INFO] [stdout]     |
[INFO] [stdout] 146 | impl ContextInternal {
[INFO] [stdout]     | -------------------- methods in this implementation
[INFO] [stdout] ...
[INFO] [stdout] 186 |     pub(crate) fn top_rend_group(&self) -> RendGroup { self.top_rend_group }
[INFO] [stdout]     |                   ^^^^^^^^^^^^^^
[INFO] [stdout] ...
[INFO] [stdout] 192 |     pub(crate) fn check_set_rend_group_top(&mut self, groups: &[RendGroupDef]) {
[INFO] [stdout]     |                   ^^^^^^^^^^^^^^^^^^^^^^^^
[INFO] [stdout] ...
[INFO] [stdout] 207 |     pub(crate) fn base_time_millis_for(&self, id: &str) -> u32 {
[INFO] [stdout]     |                   ^^^^^^^^^^^^^^^^^^^^
[INFO] [stdout] ...
[INFO] [stdout] 276 |     pub(crate) fn next_frame(&mut self, mouse_taken: Option<(String, RendGroup)>, mouse_in_rend_group: Option<RendGroup>) {
[INFO] [stdout]     |                   ^^^^^^^^^^
[INFO] [stdout] 
[INFO] [stdout] 
[INFO] [stdout] warning: field `prevent_close` is never read
[INFO] [stdout]    --> src/context.rs:582:16
[INFO] [stdout]     |
[INFO] [stdout] 578 | pub(crate) struct Modal {
[INFO] [stdout]     |                   ----- field in this struct
[INFO] [stdout] ...
[INFO] [stdout] 582 |     pub(crate) prevent_close: bool,
[INFO] [stdout]     |                ^^^^^^^^^^^^^
[INFO] [stdout] 
[INFO] [stdout] 
[INFO] [stdout] warning: field `font` is never read
[INFO] [stdout]  --> src/font.rs:9:16
[INFO] [stdout]   |
[INFO] [stdout] 8 | pub struct FontSource {
[INFO] [stdout]   |            ---------- field in this struct
[INFO] [stdout] 9 |     pub(crate) font: rusttype::Font<'static>,
[INFO] [stdout]   |                ^^^^
[INFO] [stdout] 
[INFO] [stdout] 
[INFO] [stdout] warning: associated items `new` and `draw` are never used
[INFO] [stdout]   --> src/font.rs:44:19
[INFO] [stdout]    |
[INFO] [stdout] 43 | impl Font {
[INFO] [stdout]    | --------- associated items in this implementation
[INFO] [stdout] 44 |     pub(crate) fn new(handle: FontHandle, characters: FxHashMap<char, FontChar>, line_height: f32, ascent: f32) -> Font {
[INFO] [stdout]    |                   ^^^
[INFO] [stdout] ...
[INFO] [stdout] 91 |     pub(crate) fn draw<D: DrawList>(
[INFO] [stdout]    |                   ^^^^
[INFO] [stdout] 
[INFO] [stdout] 
[INFO] [stdout] warning: struct `FontTextureOut` is never constructed
[INFO] [stdout]    --> src/font.rs:316:19
[INFO] [stdout]     |
[INFO] [stdout] 316 | pub(crate) struct FontTextureOut {
[INFO] [stdout]     |                   ^^^^^^^^^^^^^^
[INFO] [stdout] 
[INFO] [stdout] 
[INFO] [stdout] warning: struct `FontTextureWriter` is never constructed
[INFO] [stdout]    --> src/font.rs:323:19
[INFO] [stdout]     |
[INFO] [stdout] 323 | pub(crate) struct FontTextureWriter<'a> {
[INFO] [stdout]     |                   ^^^^^^^^^^^^^^^^^
[INFO] [stdout] 
[INFO] [stdout] 
[INFO] [stdout] warning: associated items `new`, `write`, and `add_char` are never used
[INFO] [stdout]    --> src/font.rs:341:12
[INFO] [stdout]     |
[INFO] [stdout] 340 | impl<'a> FontTextureWriter<'a> {
[INFO] [stdout]     | ------------------------------ associated items in this implementation
[INFO] [stdout] 341 |     pub fn new(font: &'a rusttype::Font<'a>, ranges: &[CharacterRange], size: f32, scale: f32) -> FontTextureWriter<'a> {
[INFO] [stdout]     |            ^^^
[INFO] [stdout] ...
[INFO] [stdout] 371 |     pub fn write(mut self, handle: FontHandle, ranges: &[CharacterRange]) -> Result<FontTextureOut, crate::Error> {
[INFO] [stdout]     |            ^^^^^
[INFO] [stdout] ...
[INFO] [stdout] 405 |     fn add_char(
[INFO] [stdout]     |        ^^^^^^^^
[INFO] [stdout] 
[INFO] [stdout] 
[INFO] [stdout] warning: methods `mouse_cursor` and `finish_frame` are never used
[INFO] [stdout]    --> src/frame.rs:82:19
[INFO] [stdout]     |
[INFO] [stdout] 55  | impl Frame {
[INFO] [stdout]     | ---------- methods in this implementation
[INFO] [stdout] ...
[INFO] [stdout] 82  |     pub(crate) fn mouse_cursor(&self) -> Option<(ImageHandle, Align, AnimState)> {
[INFO] [stdout]     |                   ^^^^^^^^^^^^
[INFO] [stdout] ...
[INFO] [stdout] 623 |     pub(crate) fn finish_frame(self) -> (Context, Vec<Widget>, Vec<RendGroupDef>, HashMap<String, String>) {
[INFO] [stdout]     |                   ^^^^^^^^^^^^
[INFO] [stdout] 
[INFO] [stdout] 
[INFO] [stdout] warning: fields `id`, `group`, `start`, and `always_top` are never read
[INFO] [stdout]    --> src/frame.rs:665:5
[INFO] [stdout]     |
[INFO] [stdout] 663 | pub(crate) struct RendGroupDef {
[INFO] [stdout]     |                   ------------ fields in this struct
[INFO] [stdout] 664 |     rect: Rect,
[INFO] [stdout] 665 |     id: String,
[INFO] [stdout]     |     ^^
[INFO] [stdout] 666 |     group: RendGroup,
[INFO] [stdout]     |     ^^^^^
[INFO] [stdout] 667 |     start: usize,
[INFO] [stdout]     |     ^^^^^
[INFO] [stdout] 668 |     num: usize,
[INFO] [stdout] 669 |     always_top: bool,
[INFO] [stdout]     |     ^^^^^^^^^^
[INFO] [stdout]     |
[INFO] [stdout]     = note: `RendGroupDef` has a derived impl for the trait `Debug`, but this is intentionally ignored during dead code analysis
[INFO] [stdout] 
[INFO] [stdout] 
[INFO] [stdout] warning: methods `iter`, `id`, and `group` are never used
[INFO] [stdout]    --> src/frame.rs:673:19
[INFO] [stdout]     |
[INFO] [stdout] 672 | impl RendGroupDef {
[INFO] [stdout]     | ----------------- methods in this implementation
[INFO] [stdout] 673 |     pub(crate) fn iter<'a, 'b>(&'a self, widgets: &'b [Widget]) -> impl Iterator<Item=&'b Widget> {
[INFO] [stdout]     |                   ^^^^
[INFO] [stdout] ...
[INFO] [stdout] 678 |     pub(crate) fn id(&self) -> &str { &self.id }
[INFO] [stdout]     |                   ^^
[INFO] [stdout] 679 |     pub(crate) fn group(&self) -> RendGroup { self.group }
[INFO] [stdout]     |                   ^^^^^
[INFO] [stdout] 
[INFO] [stdout] 
[INFO] [stdout] warning: fields `image`, `pos`, and `size` are never read
[INFO] [stdout]   --> src/image.rs:15:5
[INFO] [stdout]    |
[INFO] [stdout] 14 | pub struct SubImage {
[INFO] [stdout]    |            -------- fields in this struct
[INFO] [stdout] 15 |     image: Image,
[INFO] [stdout]    |     ^^^^^
[INFO] [stdout] 16 |     pos: Point,
[INFO] [stdout]    |     ^^^
[INFO] [stdout] 17 |     size: Point,
[INFO] [stdout]    |     ^^^^
[INFO] [stdout]    |
[INFO] [stdout]    = note: `SubImage` has a derived impl for the trait `Clone`, but this is intentionally ignored during dead code analysis
[INFO] [stdout] 
[INFO] [stdout] 
[INFO] [stdout] warning: field `sub_images` is never read
[INFO] [stdout]   --> src/image.rs:24:9
[INFO] [stdout]    |
[INFO] [stdout] 23 |     Collected {
[INFO] [stdout]    |     --------- field in this variant
[INFO] [stdout] 24 |         sub_images: Vec<SubImage>,
[INFO] [stdout]    |         ^^^^^^^^^^
[INFO] [stdout] 
[INFO] [stdout] 
[INFO] [stdout] warning: fields `tex_coords` and `grid_size` are never read
[INFO] [stdout]   --> src/image.rs:27:9
[INFO] [stdout]    |
[INFO] [stdout] 26 |     Composed {
[INFO] [stdout]    |     -------- fields in this variant
[INFO] [stdout] 27 |         tex_coords: [[TexCoord; 4]; 4],
[INFO] [stdout]    |         ^^^^^^^^^^
[INFO] [stdout] 28 |         grid_size: [f32; 2],
[INFO] [stdout]    |         ^^^^^^^^^
[INFO] [stdout] 
[INFO] [stdout] 
[INFO] [stdout] warning: fields `tex_coords` and `grid_size` are never read
[INFO] [stdout]   --> src/image.rs:31:9
[INFO] [stdout]    |
[INFO] [stdout] 30 |     ComposedVertical {
[INFO] [stdout]    |     ---------------- fields in this variant
[INFO] [stdout] 31 |         tex_coords: [[TexCoord; 4]; 2],
[INFO] [stdout]    |         ^^^^^^^^^^
[INFO] [stdout] 32 |         grid_size: [f32; 2],
[INFO] [stdout]    |         ^^^^^^^^^
[INFO] [stdout] 
[INFO] [stdout] 
[INFO] [stdout] warning: fields `tex_coords` and `grid_size` are never read
[INFO] [stdout]   --> src/image.rs:35:9
[INFO] [stdout]    |
[INFO] [stdout] 34 |     ComposedHorizontal {
[INFO] [stdout]    |     ------------------ fields in this variant
[INFO] [stdout] 35 |         tex_coords: [[TexCoord; 2]; 4],
[INFO] [stdout]    |         ^^^^^^^^^^
[INFO] [stdout] 36 |         grid_size: [f32; 2],
[INFO] [stdout]    |         ^^^^^^^^^
[INFO] [stdout] 
[INFO] [stdout] 
[INFO] [stdout] warning: fields `tex_coords`, `base_size`, and `fill` are never read
[INFO] [stdout]   --> src/image.rs:40:9
[INFO] [stdout]    |
[INFO] [stdout] 39 |     Simple {
[INFO] [stdout]    |     ------ fields in this variant
[INFO] [stdout] 40 |         tex_coords: [TexCoord; 2],
[INFO] [stdout]    |         ^^^^^^^^^^
[INFO] [stdout] 41 |         base_size: [f32; 2],
[INFO] [stdout]    |         ^^^^^^^^^
[INFO] [stdout] 42 |         fill: ImageFill,
[INFO] [stdout]    |         ^^^^
[INFO] [stdout] 
[INFO] [stdout] 
[INFO] [stdout] warning: fields `frame_time_millis`, `frames`, and `once` are never read
[INFO] [stdout]   --> src/image.rs:45:9
[INFO] [stdout]    |
[INFO] [stdout] 44 |     Timed {
[INFO] [stdout]    |     ----- fields in this variant
[INFO] [stdout] 45 |         frame_time_millis: u32,
[INFO] [stdout]    |         ^^^^^^^^^^^^^^^^^
[INFO] [stdout] 46 |         frames: Vec<Image>,
[INFO] [stdout]    |         ^^^^^^
[INFO] [stdout] 47 |         once: bool,
[INFO] [stdout]    |         ^^^^
[INFO] [stdout] 
[INFO] [stdout] 
[INFO] [stdout] warning: field `states` is never read
[INFO] [stdout]   --> src/image.rs:50:9
[INFO] [stdout]    |
[INFO] [stdout] 49 |     Animated {
[INFO] [stdout]    |     -------- field in this variant
[INFO] [stdout] 50 |         states: Vec<(AnimState, Image)>
[INFO] [stdout]    |         ^^^^^^
[INFO] [stdout] 
[INFO] [stdout] 
[INFO] [stdout] warning: struct `ImageDrawParams` is never constructed
[INFO] [stdout]   --> src/image.rs:54:19
[INFO] [stdout]    |
[INFO] [stdout] 54 | pub(crate) struct ImageDrawParams {
[INFO] [stdout]    |                   ^^^^^^^^^^^^^^^
[INFO] [stdout] 
[INFO] [stdout] 
[INFO] [stdout] warning: fields `texture`, `color`, and `kind` are never read
[INFO] [stdout]   --> src/image.rs:65:5
[INFO] [stdout]    |
[INFO] [stdout] 64 | pub struct Image {
[INFO] [stdout]    |            ----- fields in this struct
[INFO] [stdout] 65 |     texture: TextureHandle,
[INFO] [stdout]    |     ^^^^^^^
[INFO] [stdout] 66 |     color: Color,
[INFO] [stdout]    |     ^^^^^
[INFO] [stdout] 67 |     kind: ImageKind,
[INFO] [stdout]    |     ^^^^
[INFO] [stdout]    |
[INFO] [stdout]    = note: `Image` has a derived impl for the trait `Clone`, but this is intentionally ignored during dead code analysis
[INFO] [stdout] 
[INFO] [stdout] 
[INFO] [stdout] warning: multiple methods are never used
[INFO] [stdout]    --> src/image.rs:72:12
[INFO] [stdout]     |
[INFO] [stdout] 71  | impl Image {
[INFO] [stdout]     | ---------- methods in this implementation
[INFO] [stdout] 72  |     pub fn texture(&self) -> TextureHandle { self.texture }
[INFO] [stdout]     |            ^^^^^^^
[INFO] [stdout] ...
[INFO] [stdout] 76  |     pub(crate) fn draw<D: DrawList>(
[INFO] [stdout]     |                   ^^^^
[INFO] [stdout] ...
[INFO] [stdout] 346 |     fn draw_animated<D: DrawList>(
[INFO] [stdout]     |        ^^^^^^^^^^^^^
[INFO] [stdout] ...
[INFO] [stdout] 360 |     fn draw_solid<D: DrawList>(
[INFO] [stdout]     |        ^^^^^^^^^^
[INFO] [stdout] ...
[INFO] [stdout] 376 |     fn draw_simple<D: DrawList>(
[INFO] [stdout]     |        ^^^^^^^^^^^
[INFO] [stdout] ...
[INFO] [stdout] 393 |     fn draw_composed_horizontal<D: DrawList>(
[INFO] [stdout]     |        ^^^^^^^^^^^^^^^^^^^^^^^^
[INFO] [stdout] ...
[INFO] [stdout] 429 |     fn draw_composed_vertical<D: DrawList>(
[INFO] [stdout]     |        ^^^^^^^^^^^^^^^^^^^^^^
[INFO] [stdout] ...
[INFO] [stdout] 465 |     fn draw_composed<D: DrawList>(
[INFO] [stdout]     |        ^^^^^^^^^^^^^
[INFO] [stdout] 
[INFO] [stdout] 
[INFO] [stdout] warning: function `view_matrix` is never used
[INFO] [stdout]   --> src/render.rs:40:15
[INFO] [stdout]    |
[INFO] [stdout] 40 | pub(crate) fn view_matrix(display_pos: Point, display_size: Point) -> [[f32; 4]; 4] {
[INFO] [stdout]    |               ^^^^^^^^^^^
[INFO] [stdout] 
[INFO] [stdout] 
[INFO] [stdout] warning: variants `Image` and `Font` are never constructed
[INFO] [stdout]   --> src/render.rs:56:5
[INFO] [stdout]    |
[INFO] [stdout] 55 | pub enum DrawMode {
[INFO] [stdout]    |          -------- variants in this enum
[INFO] [stdout] 56 |     Image(TextureHandle),
[INFO] [stdout]    |     ^^^^^
[INFO] [stdout] 57 |     Font(FontHandle),
[INFO] [stdout]    |     ^^^^
[INFO] [stdout]    |
[INFO] [stdout]    = note: `DrawMode` has derived impls for the traits `Debug` and `Clone`, but these are intentionally ignored during dead code analysis
[INFO] [stdout] 
[INFO] [stdout] 
[INFO] [stdout] warning: method `register_resources` is never used
[INFO] [stdout]    --> src/app_builder.rs:250:8
[INFO] [stdout]     |
[INFO] [stdout] 30  | impl AppBuilder {
[INFO] [stdout]     | --------------- method in this implementation
[INFO] [stdout] ...
[INFO] [stdout] 250 |     fn register_resources(&self, context_builder: &mut ContextBuilder) -> Result<(), Error> {
[INFO] [stdout]     |        ^^^^^^^^^^^^^^^^^^
[INFO] [stdout]     |
[INFO] [stdout]     = note: `#[warn(dead_code)]` on by default
[INFO] [stdout] 
[INFO] [stdout] 
[INFO] [stdout] warning: method `get_files` is never used
[INFO] [stdout]    --> src/app_builder.rs:445:8
[INFO] [stdout]     |
[INFO] [stdout] 444 | impl AssetSource {
[INFO] [stdout]     | ---------------- method in this implementation
[INFO] [stdout] 445 |     fn get_files(&self, base: PathBuf, extensions: &[&str]) -> Result<Vec<(String, PathBuf)>, Error> {
[INFO] [stdout]     |        ^^^^^^^^^
[INFO] [stdout] 
[INFO] [stdout] 
[INFO] [stdout] warning: function `add_path` is never used
[INFO] [stdout]    --> src/app_builder.rs:485:4
[INFO] [stdout]     |
[INFO] [stdout] 485 | fn add_path(path: PathBuf, out: &mut Vec<(String, PathBuf)>) {
[INFO] [stdout]     |    ^^^^^^^^
[INFO] [stdout] 
[INFO] [stdout] 
[INFO] [stdout] warning: field `expanded` is never read
[INFO] [stdout]   --> src/context.rs:15:9
[INFO] [stdout]    |
[INFO] [stdout] 13 | pub(crate) struct PersistentStateData {
[INFO] [stdout]    |                   ------------------- field in this struct
[INFO] [stdout] 14 |     pub is_open: bool,
[INFO] [stdout] 15 |     pub expanded: bool,
[INFO] [stdout]    |         ^^^^^^^^
[INFO] [stdout]    |
[INFO] [stdout]    = note: `PersistentStateData` has a derived impl for the trait `Clone`, but this is intentionally ignored during dead code analysis
[INFO] [stdout] 
[INFO] [stdout] 
[INFO] [stdout] warning: methods `top_rend_group`, `check_set_rend_group_top`, `base_time_millis_for`, and `next_frame` are never used
[INFO] [stdout]    --> src/context.rs:186:19
[INFO] [stdout]     |
[INFO] [stdout] 146 | impl ContextInternal {
[INFO] [stdout]     | -------------------- methods in this implementation
[INFO] [stdout] ...
[INFO] [stdout] 186 |     pub(crate) fn top_rend_group(&self) -> RendGroup { self.top_rend_group }
[INFO] [stdout]     |                   ^^^^^^^^^^^^^^
[INFO] [stdout] ...
[INFO] [stdout] 192 |     pub(crate) fn check_set_rend_group_top(&mut self, groups: &[RendGroupDef]) {
[INFO] [stdout]     |                   ^^^^^^^^^^^^^^^^^^^^^^^^
[INFO] [stdout] ...
[INFO] [stdout] 207 |     pub(crate) fn base_time_millis_for(&self, id: &str) -> u32 {
[INFO] [stdout]     |                   ^^^^^^^^^^^^^^^^^^^^
[INFO] [stdout] ...
[INFO] [stdout] 276 |     pub(crate) fn next_frame(&mut self, mouse_taken: Option<(String, RendGroup)>, mouse_in_rend_group: Option<RendGroup>) {
[INFO] [stdout]     |                   ^^^^^^^^^^
[INFO] [stdout] 
[INFO] [stdout] 
[INFO] [stdout] warning: field `prevent_close` is never read
[INFO] [stdout]    --> src/context.rs:582:16
[INFO] [stdout]     |
[INFO] [stdout] 578 | pub(crate) struct Modal {
[INFO] [stdout]     |                   ----- field in this struct
[INFO] [stdout] ...
[INFO] [stdout] 582 |     pub(crate) prevent_close: bool,
[INFO] [stdout]     |                ^^^^^^^^^^^^^
[INFO] [stdout] 
[INFO] [stdout] 
[INFO] [stdout] warning: field `font` is never read
[INFO] [stdout]  --> src/font.rs:9:16
[INFO] [stdout]   |
[INFO] [stdout] 8 | pub struct FontSource {
[INFO] [stdout]   |            ---------- field in this struct
[INFO] [stdout] 9 |     pub(crate) font: rusttype::Font<'static>,
[INFO] [stdout]   |                ^^^^
[INFO] [stdout] 
[INFO] [stdout] 
[INFO] [stdout] warning: associated items `new` and `draw` are never used
[INFO] [stdout]   --> src/font.rs:44:19
[INFO] [stdout]    |
[INFO] [stdout] 43 | impl Font {
[INFO] [stdout]    | --------- associated items in this implementation
[INFO] [stdout] 44 |     pub(crate) fn new(handle: FontHandle, characters: FxHashMap<char, FontChar>, line_height: f32, ascent: f32) -> Font {
[INFO] [stdout]    |                   ^^^
[INFO] [stdout] ...
[INFO] [stdout] 91 |     pub(crate) fn draw<D: DrawList>(
[INFO] [stdout]    |                   ^^^^
[INFO] [stdout] 
[INFO] [stdout] 
[INFO] [stdout] warning: struct `FontTextureOut` is never constructed
[INFO] [stdout]    --> src/font.rs:316:19
[INFO] [stdout]     |
[INFO] [stdout] 316 | pub(crate) struct FontTextureOut {
[INFO] [stdout]     |                   ^^^^^^^^^^^^^^
[INFO] [stdout] 
[INFO] [stdout] 
[INFO] [stdout] warning: struct `FontTextureWriter` is never constructed
[INFO] [stdout]    --> src/font.rs:323:19
[INFO] [stdout]     |
[INFO] [stdout] 323 | pub(crate) struct FontTextureWriter<'a> {
[INFO] [stdout]     |                   ^^^^^^^^^^^^^^^^^
[INFO] [stdout] 
[INFO] [stdout] 
[INFO] [stdout] warning: associated items `new`, `write`, and `add_char` are never used
[INFO] [stdout]    --> src/font.rs:341:12
[INFO] [stdout]     |
[INFO] [stdout] 340 | impl<'a> FontTextureWriter<'a> {
[INFO] [stdout]     | ------------------------------ associated items in this implementation
[INFO] [stdout] 341 |     pub fn new(font: &'a rusttype::Font<'a>, ranges: &[CharacterRange], size: f32, scale: f32) -> FontTextureWriter<'a> {
[INFO] [stdout]     |            ^^^
[INFO] [stdout] ...
[INFO] [stdout] 371 |     pub fn write(mut self, handle: FontHandle, ranges: &[CharacterRange]) -> Result<FontTextureOut, crate::Error> {
[INFO] [stdout]     |            ^^^^^
[INFO] [stdout] ...
[INFO] [stdout] 405 |     fn add_char(
[INFO] [stdout]     |        ^^^^^^^^
[INFO] [stdout] 
[INFO] [stdout] 
[INFO] [stdout] warning: methods `mouse_cursor` and `finish_frame` are never used
[INFO] [stdout]    --> src/frame.rs:82:19
[INFO] [stdout]     |
[INFO] [stdout] 55  | impl Frame {
[INFO] [stdout]     | ---------- methods in this implementation
[INFO] [stdout] ...
[INFO] [stdout] 82  |     pub(crate) fn mouse_cursor(&self) -> Option<(ImageHandle, Align, AnimState)> {
[INFO] [stdout]     |                   ^^^^^^^^^^^^
[INFO] [stdout] ...
[INFO] [stdout] 623 |     pub(crate) fn finish_frame(self) -> (Context, Vec<Widget>, Vec<RendGroupDef>, HashMap<String, String>) {
[INFO] [stdout]     |                   ^^^^^^^^^^^^
[INFO] [stdout] 
[INFO] [stdout] 
[INFO] [stdout] warning: fields `id`, `group`, `start`, and `always_top` are never read
[INFO] [stdout]    --> src/frame.rs:665:5
[INFO] [stdout]     |
[INFO] [stdout] 663 | pub(crate) struct RendGroupDef {
[INFO] [stdout]     |                   ------------ fields in this struct
[INFO] [stdout] 664 |     rect: Rect,
[INFO] [stdout] 665 |     id: String,
[INFO] [stdout]     |     ^^
[INFO] [stdout] 666 |     group: RendGroup,
[INFO] [stdout]     |     ^^^^^
[INFO] [stdout] 667 |     start: usize,
[INFO] [stdout]     |     ^^^^^
[INFO] [stdout] 668 |     num: usize,
[INFO] [stdout] 669 |     always_top: bool,
[INFO] [stdout]     |     ^^^^^^^^^^
[INFO] [stdout]     |
[INFO] [stdout]     = note: `RendGroupDef` has a derived impl for the trait `Debug`, but this is intentionally ignored during dead code analysis
[INFO] [stdout] 
[INFO] [stdout] 
[INFO] [stdout] warning: methods `iter`, `id`, and `group` are never used
[INFO] [stdout]    --> src/frame.rs:673:19
[INFO] [stdout]     |
[INFO] [stdout] 672 | impl RendGroupDef {
[INFO] [stdout]     | ----------------- methods in this implementation
[INFO] [stdout] 673 |     pub(crate) fn iter<'a, 'b>(&'a self, widgets: &'b [Widget]) -> impl Iterator<Item=&'b Widget> {
[INFO] [stdout]     |                   ^^^^
[INFO] [stdout] ...
[INFO] [stdout] 678 |     pub(crate) fn id(&self) -> &str { &self.id }
[INFO] [stdout]     |                   ^^
[INFO] [stdout] 679 |     pub(crate) fn group(&self) -> RendGroup { self.group }
[INFO] [stdout]     |                   ^^^^^
[INFO] [stdout] 
[INFO] [stdout] 
[INFO] [stdout] warning: fields `image`, `pos`, and `size` are never read
[INFO] [stdout]   --> src/image.rs:15:5
[INFO] [stdout]    |
[INFO] [stdout] 14 | pub struct SubImage {
[INFO] [stdout]    |            -------- fields in this struct
[INFO] [stdout] 15 |     image: Image,
[INFO] [stdout]    |     ^^^^^
[INFO] [stdout] 16 |     pos: Point,
[INFO] [stdout]    |     ^^^
[INFO] [stdout] 17 |     size: Point,
[INFO] [stdout]    |     ^^^^
[INFO] [stdout]    |
[INFO] [stdout]    = note: `SubImage` has a derived impl for the trait `Clone`, but this is intentionally ignored during dead code analysis
[INFO] [stdout] 
[INFO] [stdout] 
[INFO] [stdout] warning: field `sub_images` is never read
[INFO] [stdout]   --> src/image.rs:24:9
[INFO] [stdout]    |
[INFO] [stdout] 23 |     Collected {
[INFO] [stdout]    |     --------- field in this variant
[INFO] [stdout] 24 |         sub_images: Vec<SubImage>,
[INFO] [stdout]    |         ^^^^^^^^^^
[INFO] [stdout] 
[INFO] [stdout] 
[INFO] [stdout] warning: fields `tex_coords` and `grid_size` are never read
[INFO] [stdout]   --> src/image.rs:27:9
[INFO] [stdout]    |
[INFO] [stdout] 26 |     Composed {
[INFO] [stdout]    |     -------- fields in this variant
[INFO] [stdout] 27 |         tex_coords: [[TexCoord; 4]; 4],
[INFO] [stdout]    |         ^^^^^^^^^^
[INFO] [stdout] 28 |         grid_size: [f32; 2],
[INFO] [stdout]    |         ^^^^^^^^^
[INFO] [stdout] 
[INFO] [stdout] 
[INFO] [stdout] warning: fields `tex_coords` and `grid_size` are never read
[INFO] [stdout]   --> src/image.rs:31:9
[INFO] [stdout]    |
[INFO] [stdout] 30 |     ComposedVertical {
[INFO] [stdout]    |     ---------------- fields in this variant
[INFO] [stdout] 31 |         tex_coords: [[TexCoord; 4]; 2],
[INFO] [stdout]    |         ^^^^^^^^^^
[INFO] [stdout] 32 |         grid_size: [f32; 2],
[INFO] [stdout]    |         ^^^^^^^^^
[INFO] [stdout] 
[INFO] [stdout] 
[INFO] [stdout] warning: fields `tex_coords` and `grid_size` are never read
[INFO] [stdout]   --> src/image.rs:35:9
[INFO] [stdout]    |
[INFO] [stdout] 34 |     ComposedHorizontal {
[INFO] [stdout]    |     ------------------ fields in this variant
[INFO] [stdout] 35 |         tex_coords: [[TexCoord; 2]; 4],
[INFO] [stdout]    |         ^^^^^^^^^^
[INFO] [stdout] 36 |         grid_size: [f32; 2],
[INFO] [stdout]    |         ^^^^^^^^^
[INFO] [stdout] 
[INFO] [stdout] 
[INFO] [stdout] warning: fields `tex_coords`, `base_size`, and `fill` are never read
[INFO] [stdout]   --> src/image.rs:40:9
[INFO] [stdout]    |
[INFO] [stdout] 39 |     Simple {
[INFO] [stdout]    |     ------ fields in this variant
[INFO] [stdout] 40 |         tex_coords: [TexCoord; 2],
[INFO] [stdout]    |         ^^^^^^^^^^
[INFO] [stdout] 41 |         base_size: [f32; 2],
[INFO] [stdout]    |         ^^^^^^^^^
[INFO] [stdout] 42 |         fill: ImageFill,
[INFO] [stdout]    |         ^^^^
[INFO] [stdout] 
[INFO] [stdout] 
[INFO] [stdout] warning: fields `frame_time_millis`, `frames`, and `once` are never read
[INFO] [stdout]   --> src/image.rs:45:9
[INFO] [stdout]    |
[INFO] [stdout] 44 |     Timed {
[INFO] [stdout]    |     ----- fields in this variant
[INFO] [stdout] 45 |         frame_time_millis: u32,
[INFO] [stdout]    |         ^^^^^^^^^^^^^^^^^
[INFO] [stdout] 46 |         frames: Vec<Image>,
[INFO] [stdout]    |         ^^^^^^
[INFO] [stdout] 47 |         once: bool,
[INFO] [stdout]    |         ^^^^
[INFO] [stdout] 
[INFO] [stdout] 
[INFO] [stdout] warning: field `states` is never read
[INFO] [stdout]   --> src/image.rs:50:9
[INFO] [stdout]    |
[INFO] [stdout] 49 |     Animated {
[INFO] [stdout]    |     -------- field in this variant
[INFO] [stdout] 50 |         states: Vec<(AnimState, Image)>
[INFO] [stdout]    |         ^^^^^^
[INFO] [stdout] 
[INFO] [stdout] 
[INFO] [stdout] warning: struct `ImageDrawParams` is never constructed
[INFO] [stdout]   --> src/image.rs:54:19
[INFO] [stdout]    |
[INFO] [stdout] 54 | pub(crate) struct ImageDrawParams {
[INFO] [stdout]    |                   ^^^^^^^^^^^^^^^
[INFO] [stdout] 
[INFO] [stdout] 
[INFO] [stdout] warning: fields `texture`, `color`, and `kind` are never read
[INFO] [stdout]   --> src/image.rs:65:5
[INFO] [stdout]    |
[INFO] [stdout] 64 | pub struct Image {
[INFO] [stdout]    |            ----- fields in this struct
[INFO] [stdout] 65 |     texture: TextureHandle,
[INFO] [stdout]    |     ^^^^^^^
[INFO] [stdout] 66 |     color: Color,
[INFO] [stdout]    |     ^^^^^
[INFO] [stdout] 67 |     kind: ImageKind,
[INFO] [stdout]    |     ^^^^
[INFO] [stdout]    |
[INFO] [stdout]    = note: `Image` has a derived impl for the trait `Clone`, but this is intentionally ignored during dead code analysis
[INFO] [stdout] 
[INFO] [stdout] 
[INFO] [stdout] warning: multiple methods are never used
[INFO] [stdout]    --> src/image.rs:72:12
[INFO] [stdout]     |
[INFO] [stdout] 71  | impl Image {
[INFO] [stdout]     | ---------- methods in this implementation
[INFO] [stdout] 72  |     pub fn texture(&self) -> TextureHandle { self.texture }
[INFO] [stdout]     |            ^^^^^^^
[INFO] [stdout] ...
[INFO] [stdout] 76  |     pub(crate) fn draw<D: DrawList>(
[INFO] [stdout]     |                   ^^^^
[INFO] [stdout] ...
[INFO] [stdout] 346 |     fn draw_animated<D: DrawList>(
[INFO] [stdout]     |        ^^^^^^^^^^^^^
[INFO] [stdout] ...
[INFO] [stdout] 360 |     fn draw_solid<D: DrawList>(
[INFO] [stdout]     |        ^^^^^^^^^^
[INFO] [stdout] ...
[INFO] [stdout] 376 |     fn draw_simple<D: DrawList>(
[INFO] [stdout]     |        ^^^^^^^^^^^
[INFO] [stdout] ...
[INFO] [stdout] 393 |     fn draw_composed_horizontal<D: DrawList>(
[INFO] [stdout]     |        ^^^^^^^^^^^^^^^^^^^^^^^^
[INFO] [stdout] ...
[INFO] [stdout] 429 |     fn draw_composed_vertical<D: DrawList>(
[INFO] [stdout]     |        ^^^^^^^^^^^^^^^^^^^^^^
[INFO] [stdout] ...
[INFO] [stdout] 465 |     fn draw_composed<D: DrawList>(
[INFO] [stdout]     |        ^^^^^^^^^^^^^
[INFO] [stdout] 
[INFO] [stdout] 
[INFO] [stdout] warning: function `view_matrix` is never used
[INFO] [stdout]   --> src/render.rs:40:15
[INFO] [stdout]    |
[INFO] [stdout] 40 | pub(crate) fn view_matrix(display_pos: Point, display_size: Point) -> [[f32; 4]; 4] {
[INFO] [stdout]    |               ^^^^^^^^^^^
[INFO] [stdout] 
[INFO] [stdout] 
[INFO] [stdout] warning: variants `Image` and `Font` are never constructed
[INFO] [stdout]   --> src/render.rs:56:5
[INFO] [stdout]    |
[INFO] [stdout] 55 | pub enum DrawMode {
[INFO] [stdout]    |          -------- variants in this enum
[INFO] [stdout] 56 |     Image(TextureHandle),
[INFO] [stdout]    |     ^^^^^
[INFO] [stdout] 57 |     Font(FontHandle),
[INFO] [stdout]    |     ^^^^
[INFO] [stdout]    |
[INFO] [stdout]    = note: `DrawMode` has derived impls for the traits `Debug` and `Clone`, but these are intentionally ignored during dead code analysis
[INFO] [stdout] 
[INFO] [stdout] 
[INFO] [stdout] warning: 29 warnings emitted
[INFO] [stdout] 
[INFO] [stdout] 
[INFO] [stdout] warning: 29 warnings emitted
[INFO] [stdout] 
[INFO] [stdout] 
[INFO] [stdout] error[E0433]: failed to resolve: use of undeclared crate or module `glutin`
[INFO] [stdout]  --> examples/demo_gl.rs:1:5
[INFO] [stdout]   |
[INFO] [stdout] 1 | use glutin::event::{Event, WindowEvent};
[INFO] [stdout]   |     ^^^^^^ use of undeclared crate or module `glutin`
[INFO] [stdout] 
[INFO] [stdout] 
[INFO] [stdout] error[E0433]: failed to resolve: use of undeclared crate or module `glutin`
[INFO] [stdout]  --> examples/demo_gl.rs:2:5
[INFO] [stdout]   |
[INFO] [stdout] 2 | use glutin::event_loop::ControlFlow;
[INFO] [stdout]   |     ^^^^^^ use of undeclared crate or module `glutin`
[INFO] [stdout] 
[INFO] [stdout] 
[INFO] [stdout] error[E0433]: failed to resolve: use of undeclared crate or module `glium`
[INFO] [stdout]   --> examples/demo_glium.rs:11:9
[INFO] [stdout]    |
[INFO] [stdout] 11 |     use glium::glutin::{window::WindowBuilder};
[INFO] [stdout]    |         ^^^^^ use of undeclared crate or module `glium`
[INFO] [stdout] 
[INFO] [stdout] 
[INFO] [stdout] error[E0432]: unresolved import `glium`
[INFO] [stdout]   --> examples/demo_glium.rs:12:9
[INFO] [stdout]    |
[INFO] [stdout] 12 |     use glium::{Display, Surface};
[INFO] [stdout]    |         ^^^^^ use of undeclared crate or module `glium`
[INFO] [stdout] 
[INFO] [stdout] 
[INFO] [stdout] error[E0433]: failed to resolve: use of undeclared crate or module `wgpu`
[INFO] [stdout]   --> examples/demo_wgpu.rs:29:20
[INFO] [stdout]    |
[INFO] [stdout] 29 |     let instance = wgpu::Instance::new(wgpu::BackendBit::PRIMARY);
[INFO] [stdout]    |                    ^^^^ use of undeclared crate or module `wgpu`
[INFO] [stdout] 
[INFO] [stdout] 
[INFO] [stdout] error[E0433]: failed to resolve: use of undeclared crate or module `wgpu`
[INFO] [stdout]   --> examples/demo_wgpu.rs:29:40
[INFO] [stdout]    |
[INFO] [stdout] 29 |     let instance = wgpu::Instance::new(wgpu::BackendBit::PRIMARY);
[INFO] [stdout]    |                                        ^^^^ use of undeclared crate or module `wgpu`
[INFO] [stdout] 
[INFO] [stdout] 
[INFO] [stdout] error[E0433]: failed to resolve: use of undeclared crate or module `futures`
[INFO] [stdout]   --> examples/demo_wgpu.rs:31:37
[INFO] [stdout]    |
[INFO] [stdout] 31 |     let (_adapter, device, queue) = futures::executor::block_on(setup_wgpu(&instance, &surface));
[INFO] [stdout]    |                                     ^^^^^^^ use of undeclared crate or module `futures`
[INFO] [stdout] 
[INFO] [stdout] 
[INFO] [stdout] error[E0433]: failed to resolve: use of undeclared crate or module `glutin`
[INFO] [stdout]   --> examples/demo_gl.rs:26:18
[INFO] [stdout]    |
[INFO] [stdout] 26 |         .with_gl(glutin::GlRequest::Specific(
[INFO] [stdout]    |                  ^^^^^^ use of undeclared crate or module `glutin`
[INFO] [stdout] 
[INFO] [stdout] 
[INFO] [stdout] error[E0433]: failed to resolve: could not find `WgpuRenderer` in `thyme`
[INFO] [stdout]   --> examples/demo_wgpu.rs:36:31
[INFO] [stdout]    |
[INFO] [stdout] 36 |     let mut renderer = thyme::WgpuRenderer::new(Arc::clone(&device), Arc::clone(&queue));
[INFO] [stdout]    |                               ^^^^^^^^^^^^
[INFO] [stdout]    |                               |
[INFO] [stdout]    |                               could not find `WgpuRenderer` in `thyme`
[INFO] [stdout]    |                               help: a trait with a similar name exists: `Renderer`
[INFO] [stdout] 
[INFO] [stdout] 
[INFO] [stdout] error[E0433]: failed to resolve: use of undeclared crate or module `glutin`
[INFO] [stdout]   --> examples/demo_gl.rs:27:13
[INFO] [stdout]    |
[INFO] [stdout] 27 |             glutin::Api::OpenGl,
[INFO] [stdout]    |             ^^^^^^ use of undeclared crate or module `glutin`
[INFO] [stdout] 
[INFO] [stdout] 
[INFO] [stdout] error[E0433]: failed to resolve: could not find `GLRenderer` in `thyme`
[INFO] [stdout]   --> examples/demo_gl.rs:48:31
[INFO] [stdout]    |
[INFO] [stdout] 48 |     let mut renderer = thyme::GLRenderer::new();
[INFO] [stdout]    |                               ^^^^^^^^^^
[INFO] [stdout]    |                               |
[INFO] [stdout]    |                               could not find `GLRenderer` in `thyme`
[INFO] [stdout]    |                               help: a trait with a similar name exists: `Renderer`
[INFO] [stdout] 
[INFO] [stdout] 
[INFO] [stdout] error[E0433]: failed to resolve: use of undeclared crate or module `gl`
[INFO] [stdout]    --> examples/demo_gl.rs:107:8
[INFO] [stdout]     |
[INFO] [stdout] 107 |     _: gl::types::GLenum,
[INFO] [stdout]     |        ^^ use of undeclared crate or module `gl`
[INFO] [stdout] 
[INFO] [stdout] 
[INFO] [stdout] error[E0433]: failed to resolve: could not find `GliumRenderer` in `thyme`
[INFO] [stdout]   --> examples/demo_glium.rs:28:31
[INFO] [stdout]    |
[INFO] [stdout] 28 |     let mut renderer = thyme::GliumRenderer::new(&display)?;
[INFO] [stdout]    |                               ^^^^^^^^^^^^^ could not find `GliumRenderer` in `thyme`
[INFO] [stdout] 
[INFO] [stdout] 
[INFO] [stdout] error[E0433]: failed to resolve: use of undeclared crate or module `wgpu`
[INFO] [stdout]   --> examples/demo_wgpu.rs:82:43
[INFO] [stdout]    |
[INFO] [stdout] 82 | ...                   load: wgpu::LoadOp::Clear(wgpu::Color { r: 0.5, g: 0.5, b: 0.5, a: 1.0 }),
[INFO] [stdout]    |                             ^^^^ use of undeclared crate or module `wgpu`
[INFO] [stdout] 
[INFO] [stdout] 
[INFO] [stdout] error[E0433]: failed to resolve: use of undeclared crate or module `glium`
[INFO] [stdout]   --> examples/demo_glium.rs:23:26
[INFO] [stdout]    |
[INFO] [stdout] 23 |         .with_inner_size(glium::glutin::dpi::LogicalSize::new(window_size[0], window_size[1]));
[INFO] [stdout]    |                          ^^^^^ use of undeclared crate or module `glium`
[INFO] [stdout]    |
[INFO] [stdout] help: consider importing this struct
[INFO] [stdout]    |
[INFO] [stdout] 1  + use winit::dpi::LogicalSize;
[INFO] [stdout]    |
[INFO] [stdout] help: if you import `LogicalSize`, refer to it directly
[INFO] [stdout]    |
[INFO] [stdout] 23 -         .with_inner_size(glium::glutin::dpi::LogicalSize::new(window_size[0], window_size[1]));
[INFO] [stdout] 23 +         .with_inner_size(LogicalSize::new(window_size[0], window_size[1]));
[INFO] [stdout]    |
[INFO] [stdout] 
[INFO] [stdout] 
[INFO] [stdout] error[E0433]: failed to resolve: use of undeclared crate or module `glium`
[INFO] [stdout]   --> examples/demo_glium.rs:24:19
[INFO] [stdout]    |
[INFO] [stdout] 24 |     let context = glium::glutin::ContextBuilder::new();
[INFO] [stdout]    |                   ^^^^^ use of undeclared crate or module `glium`
[INFO] [stdout]    |
[INFO] [stdout] help: consider importing this struct
[INFO] [stdout]    |
[INFO] [stdout] 1  + use thyme::ContextBuilder;
[INFO] [stdout]    |
[INFO] [stdout] help: if you import `ContextBuilder`, refer to it directly
[INFO] [stdout]    |
[INFO] [stdout] 24 -     let context = glium::glutin::ContextBuilder::new();
[INFO] [stdout] 24 +     let context = ContextBuilder::new();
[INFO] [stdout]    |
[INFO] [stdout] 
[INFO] [stdout] 
[INFO] [stdout] error[E0433]: failed to resolve: use of undeclared crate or module `gl`
[INFO] [stdout]    --> examples/demo_gl.rs:108:15
[INFO] [stdout]     |
[INFO] [stdout] 108 |     err_type: gl::types::GLenum,
[INFO] [stdout]     |               ^^ use of undeclared crate or module `gl`
[INFO] [stdout] 
[INFO] [stdout] 
[INFO] [stdout] error[E0433]: failed to resolve: use of undeclared crate or module `gl`
[INFO] [stdout]    --> examples/demo_gl.rs:109:9
[INFO] [stdout]     |
[INFO] [stdout] 109 |     id: gl::types::GLuint,
[INFO] [stdout]     |         ^^ use of undeclared crate or module `gl`
[INFO] [stdout] 
[INFO] [stdout] 
[INFO] [stdout] error[E0433]: failed to resolve: use of undeclared crate or module `gl`
[INFO] [stdout]    --> examples/demo_gl.rs:110:15
[INFO] [stdout]     |
[INFO] [stdout] 110 |     severity: gl::types::GLenum,
[INFO] [stdout]     |               ^^ use of undeclared crate or module `gl`
[INFO] [stdout] 
[INFO] [stdout] 
[INFO] [stdout] error[E0433]: failed to resolve: use of undeclared crate or module `gl`
[INFO] [stdout]    --> examples/demo_gl.rs:111:8
[INFO] [stdout]     |
[INFO] [stdout] 111 |     _: gl::types::GLsizei,
[INFO] [stdout]     |        ^^ use of undeclared crate or module `gl`
[INFO] [stdout] 
[INFO] [stdout] 
[INFO] [stdout] error[E0433]: failed to resolve: use of undeclared crate or module `glutin`
[INFO] [stdout]   --> examples/demo_gl.rs:20:22
[INFO] [stdout]    |
[INFO] [stdout] 20 |     let event_loop = glutin::event_loop::EventLoop::new();
[INFO] [stdout]    |                      ^^^^^^ use of undeclared crate or module `glutin`
[INFO] [stdout]    |
[INFO] [stdout] help: consider importing one of these items
[INFO] [stdout]    |
[INFO] [stdout] 1  + use winit::event_loop::EventLoop;
[INFO] [stdout]    |
[INFO] [stdout] 1  + use winit::platform::unix::x11::EventLoop;
[INFO] [stdout]    |
[INFO] [stdout] help: if you import `EventLoop`, refer to it directly
[INFO] [stdout]    |
[INFO] [stdout] 20 -     let event_loop = glutin::event_loop::EventLoop::new();
[INFO] [stdout] 20 +     let event_loop = EventLoop::new();
[INFO] [stdout]    |
[INFO] [stdout] 
[INFO] [stdout] 
[INFO] [stdout] error[E0433]: failed to resolve: use of undeclared crate or module `glutin`
[INFO] [stdout]   --> examples/demo_gl.rs:21:26
[INFO] [stdout]    |
[INFO] [stdout] 21 |     let window_builder = glutin::window::WindowBuilder::new()
[INFO] [stdout]    |                          ^^^^^^ use of undeclared crate or module `glutin`
[INFO] [stdout]    |
[INFO] [stdout] help: consider importing one of these items
[INFO] [stdout]    |
[INFO] [stdout] 1  + use thyme::WindowBuilder;
[INFO] [stdout]    |
[INFO] [stdout] 1  + use winit::window::WindowBuilder;
[INFO] [stdout]    |
[INFO] [stdout] help: if you import `WindowBuilder`, refer to it directly
[INFO] [stdout]    |
[INFO] [stdout] 21 -     let window_builder = glutin::window::WindowBuilder::new()
[INFO] [stdout] 21 +     let window_builder = WindowBuilder::new()
[INFO] [stdout]    |
[INFO] [stdout] 
[INFO] [stdout] 
[INFO] [stdout] error[E0433]: failed to resolve: use of undeclared crate or module `glutin`
[INFO] [stdout]   --> examples/demo_gl.rs:23:26
[INFO] [stdout]    |
[INFO] [stdout] 23 |         .with_inner_size(glutin::dpi::LogicalSize::new(1280.0, 720.0));
[INFO] [stdout]    |                          ^^^^^^ use of undeclared crate or module `glutin`
[INFO] [stdout]    |
[INFO] [stdout] help: consider importing this struct
[INFO] [stdout]    |
[INFO] [stdout] 1  + use winit::dpi::LogicalSize;
[INFO] [stdout]    |
[INFO] [stdout] help: if you import `LogicalSize`, refer to it directly
[INFO] [stdout]    |
[INFO] [stdout] 23 -         .with_inner_size(glutin::dpi::LogicalSize::new(1280.0, 720.0));
[INFO] [stdout] 23 +         .with_inner_size(LogicalSize::new(1280.0, 720.0));
[INFO] [stdout]    |
[INFO] [stdout] 
[INFO] [stdout] 
[INFO] [stdout] error[E0433]: failed to resolve: use of undeclared crate or module `glutin`
[INFO] [stdout]   --> examples/demo_gl.rs:25:28
[INFO] [stdout]    |
[INFO] [stdout] 25 |     let windowed_context = glutin::ContextBuilder::new()
[INFO] [stdout]    |                            ^^^^^^ use of undeclared crate or module `glutin`
[INFO] [stdout]    |
[INFO] [stdout] help: consider importing this struct
[INFO] [stdout]    |
[INFO] [stdout] 1  + use thyme::ContextBuilder;
[INFO] [stdout]    |
[INFO] [stdout] help: if you import `ContextBuilder`, refer to it directly
[INFO] [stdout]    |
[INFO] [stdout] 25 -     let windowed_context = glutin::ContextBuilder::new()
[INFO] [stdout] 25 +     let windowed_context = ContextBuilder::new()
[INFO] [stdout]    |
[INFO] [stdout] 
[INFO] [stdout] 
[INFO] [stdout] error[E0433]: failed to resolve: use of undeclared crate or module `wgpu`
[INFO] [stdout]    --> examples/demo_wgpu.rs:116:27
[INFO] [stdout]     |
[INFO] [stdout] 116 |         power_preference: wgpu::PowerPreference::LowPower,
[INFO] [stdout]     |                           ^^^^ use of undeclared crate or module `wgpu`
[INFO] [stdout] 
[INFO] [stdout] 
[INFO] [stdout] error[E0599]: no method named `build_wgpu` found for struct `AppBuilder` in the current scope
[INFO] [stdout]   --> examples/hello_wgpu.rs:10:10
[INFO] [stdout]    |
[INFO] [stdout] 2  |       let app = thyme::AppBuilder::new()
[INFO] [stdout]    |  _______________-
[INFO] [stdout] 3  | |         .with_logger()
[INFO] [stdout] 4  | |         .with_title("Thyme wgpu Demo")
[INFO] [stdout] 5  | |         .with_window_size(1280.0, 720.0)
[INFO] [stdout] ...  |
[INFO] [stdout] 9  | |         .with_image_dir("images")
[INFO] [stdout] 10 | |         .build_wgpu()?;
[INFO] [stdout]    | |         -^^^^^^^^^^ method not found in `AppBuilder`
[INFO] [stdout]    | |_________|
[INFO] [stdout]    | 
[INFO] [stdout] 
[INFO] [stdout] 
[INFO] [stdout] error[E0433]: failed to resolve: use of undeclared crate or module `wgpu`
[INFO] [stdout]    --> examples/demo_wgpu.rs:125:23
[INFO] [stdout]     |
[INFO] [stdout] 125 |             features: wgpu::Features::empty(),
[INFO] [stdout]     |                       ^^^^ use of undeclared crate or module `wgpu`
[INFO] [stdout] 
[INFO] [stdout] 
[INFO] [stdout] error[E0308]: mismatched types
[INFO] [stdout]  --> examples/hello_wgpu.rs:1:14
[INFO] [stdout]   |
[INFO] [stdout] 1 | fn main() -> Result<(), Box<dyn std::error::Error>> {
[INFO] [stdout]   |    ----      ^^^^^^^^^^^^^^^^^^^^^^^^^^^^^^^^^^^^^^ expected `Result<(), Box<dyn Error>>`, found `()`
[INFO] [stdout]   |    |
[INFO] [stdout]   |    implicitly returns `()` as its body has no tail or `return` expression
[INFO] [stdout]   |
[INFO] [stdout]   = note:   expected enum `Result<(), Box<(dyn std::error::Error + 'static)>>`
[INFO] [stdout]           found unit type `()`
[INFO] [stdout] 
[INFO] [stdout] 
[INFO] [stdout] error[E0433]: failed to resolve: use of undeclared crate or module `wgpu`
[INFO] [stdout]    --> examples/demo_wgpu.rs:126:21
[INFO] [stdout]     |
[INFO] [stdout] 126 |             limits: wgpu::Limits::default(),
[INFO] [stdout]     |                     ^^^^ use of undeclared crate or module `wgpu`
[INFO] [stdout]     |
[INFO] [stdout] help: there is an enum variant `image::ImageError::Limits`; try using the variant's enum
[INFO] [stdout]     |
[INFO] [stdout] 126 |             limits: image::ImageError(),
[INFO] [stdout]     |                     ~~~~~~~~~~~~~~~~~
[INFO] [stdout] 
[INFO] [stdout] 
[INFO] [stdout] error[E0599]: no method named `build_glium` found for struct `AppBuilder` in the current scope
[INFO] [stdout]   --> examples/hello_glium.rs:10:10
[INFO] [stdout]    |
[INFO] [stdout] 2  |       let app = thyme::AppBuilder::new()
[INFO] [stdout]    |  _______________-
[INFO] [stdout] 3  | |         .with_logger()
[INFO] [stdout] 4  | |         .with_title("Thyme Glium Demo")
[INFO] [stdout] 5  | |         .with_window_size(1280.0, 720.0)
[INFO] [stdout] ...  |
[INFO] [stdout] 9  | |         .with_image_dir("images")
[INFO] [stdout] 10 | |         .build_glium()?;
[INFO] [stdout]    | |         -^^^^^^^^^^^ method not found in `AppBuilder`
[INFO] [stdout]    | |_________|
[INFO] [stdout]    | 
[INFO] [stdout] 
[INFO] [stdout] 
[INFO] [stdout] error[E0308]: mismatched types
[INFO] [stdout]  --> examples/hello_glium.rs:1:14
[INFO] [stdout]   |
[INFO] [stdout] 1 | fn main() -> Result<(), Box<dyn std::error::Error>> {
[INFO] [stdout]   |    ----      ^^^^^^^^^^^^^^^^^^^^^^^^^^^^^^^^^^^^^^ expected `Result<(), Box<dyn Error>>`, found `()`
[INFO] [stdout]   |    |
[INFO] [stdout]   |    implicitly returns `()` as its body has no tail or `return` expression
[INFO] [stdout]   |
[INFO] [stdout]   = note:   expected enum `Result<(), Box<(dyn std::error::Error + 'static)>>`
[INFO] [stdout]           found unit type `()`
[INFO] [stdout] 
[INFO] [stdout] 
[INFO] [stdout] error[E0433]: failed to resolve: use of undeclared crate or module `wgpu`
[INFO] [stdout]    --> examples/demo_wgpu.rs:136:16
[INFO] [stdout]     |
[INFO] [stdout] 136 |         usage: wgpu::TextureUsage::RENDER_ATTACHMENT,
[INFO] [stdout]     |                ^^^^ use of undeclared crate or module `wgpu`
[INFO] [stdout] 
[INFO] [stdout] 
[INFO] [stdout] error: aborting due to 2 previous errors
[INFO] [stdout] 
[INFO] [stdout] 
[INFO] [stdout] Some errors have detailed explanations: E0308, E0599.
[INFO] [stdout] 
[INFO] [stdout] For more information about an error, try `rustc --explain E0308`.
[INFO] [stdout] 
[INFO] [stdout] error[E0433]: failed to resolve: use of undeclared crate or module `wgpu`
[INFO] [stdout]    --> examples/demo_wgpu.rs:137:17
[INFO] [stdout]     |
[INFO] [stdout] 137 |         format: wgpu::TextureFormat::Bgra8Unorm,
[INFO] [stdout]     |                 ^^^^ use of undeclared crate or module `wgpu`
[INFO] [stdout] 
[INFO] [stdout] 
[INFO] [stdout] error[E0433]: failed to resolve: use of undeclared crate or module `wgpu`
[INFO] [stdout]    --> examples/demo_wgpu.rs:140:23
[INFO] [stdout]     |
[INFO] [stdout] 140 |         present_mode: wgpu::PresentMode::Mailbox,
[INFO] [stdout]     |                       ^^^^ use of undeclared crate or module `wgpu`
[INFO] [stdout] 
[INFO] [stdout] 
[INFO] [stdout] error: aborting due to 2 previous errors
[INFO] [stdout] 
[INFO] [stdout] 
[INFO] [stdout] Some errors have detailed explanations: E0308, E0599.
[INFO] [stdout] 
[INFO] [stdout] For more information about an error, try `rustc --explain E0308`.
[INFO] [stdout] 
[INFO] [stderr] error: could not compile `thyme` (example "hello_wgpu") due to 3 previous errors
[INFO] [stderr] warning: build failed, waiting for other jobs to finish...
[INFO] [stderr] error: could not compile `thyme` (example "hello_glium") due to 3 previous errors
[INFO] [stdout] error: aborting due to 5 previous errors
[INFO] [stdout] 
[INFO] [stdout] 
[INFO] [stdout] Some errors have detailed explanations: E0432, E0433.
[INFO] [stdout] 
[INFO] [stdout] For more information about an error, try `rustc --explain E0432`.
[INFO] [stdout] 
[INFO] [stderr] error: could not compile `thyme` (example "demo_glium") due to 6 previous errors
[INFO] [stdout] error[E0433]: failed to resolve: use of undeclared crate or module `gl`
[INFO] [stdout]   --> examples/demo_gl.rs:37:9
[INFO] [stdout]    |
[INFO] [stdout] 37 |         gl::load_with(|ptr| gl_context.get_proc_address(ptr) as *const _)
[INFO] [stdout]    |         ^^ use of undeclared crate or module `gl`
[INFO] [stdout] 
[INFO] [stdout] 
[INFO] [stdout] error[E0433]: failed to resolve: use of undeclared crate or module `gl`
[INFO] [stdout]   --> examples/demo_gl.rs:44:18
[INFO] [stdout]    |
[INFO] [stdout] 44 |         unsafe { gl::DebugMessageCallback(Some(debug_callback), std::ptr::null()) };
[INFO] [stdout]    |                  ^^ use of undeclared crate or module `gl`
[INFO] [stdout] 
[INFO] [stdout] 
[INFO] [stdout] error[E0433]: failed to resolve: use of undeclared crate or module `gl`
[INFO] [stdout]    --> examples/demo_gl.rs:116:32
[INFO] [stdout]     |
[INFO] [stdout] 116 |         gl::DEBUG_TYPE_ERROR | gl::DEBUG_TYPE_UNDEFINED_BEHAVIOR => unsafe {
[INFO] [stdout]     |                                ^^ use of undeclared crate or module `gl`
[INFO] [stdout] 
[INFO] [stdout] 
[INFO] [stdout] error[E0433]: failed to resolve: use of undeclared crate or module `gl`
[INFO] [stdout]    --> examples/demo_gl.rs:116:9
[INFO] [stdout]     |
[INFO] [stdout] 116 |         gl::DEBUG_TYPE_ERROR | gl::DEBUG_TYPE_UNDEFINED_BEHAVIOR => unsafe {
[INFO] [stdout]     |         ^^ use of undeclared crate or module `gl`
[INFO] [stdout] 
[INFO] [stdout] 
[INFO] [stdout] error: aborting due to 18 previous errors
[INFO] [stdout] 
[INFO] [stdout] 
[INFO] [stdout] For more information about this error, try `rustc --explain E0433`.
[INFO] [stdout] 
[INFO] [stderr] error: could not compile `thyme` (example "demo_gl") due to 19 previous errors
[INFO] [stdout] error[E0433]: failed to resolve: use of undeclared crate or module `wgpu`
[INFO] [stdout]   --> examples/demo_wgpu.rs:63:62
[INFO] [stdout]    |
[INFO] [stdout] 63 |             let mut encoder = device.create_command_encoder(&wgpu::CommandEncoderDescriptor { label: None });
[INFO] [stdout]    |                                                              ^^^^ use of undeclared crate or module `wgpu`
[INFO] [stdout] 
[INFO] [stdout] 
[INFO] [stdout] error[E0433]: failed to resolve: use of undeclared crate or module `wgpu`
[INFO] [stdout]   --> examples/demo_wgpu.rs:76:74
[INFO] [stdout]    |
[INFO] [stdout] 76 |                         let mut render_pass = encoder.begin_render_pass(&wgpu::RenderPassDescriptor {
[INFO] [stdout]    |                                                                          ^^^^ use of undeclared crate or module `wgpu`
[INFO] [stdout] 
[INFO] [stdout] 
[INFO] [stdout] error[E0433]: failed to resolve: use of undeclared crate or module `wgpu`
[INFO] [stdout]   --> examples/demo_wgpu.rs:78:50
[INFO] [stdout]    |
[INFO] [stdout] 78 | ...                   color_attachments: &[wgpu::RenderPassColorAttachmentDescriptor {
[INFO] [stdout]    |                                            ^^^^ use of undeclared crate or module `wgpu`
[INFO] [stdout] 
[INFO] [stdout] 
[INFO] [stdout] error[E0433]: failed to resolve: use of undeclared crate or module `wgpu`
[INFO] [stdout]   --> examples/demo_wgpu.rs:81:38
[INFO] [stdout]    |
[INFO] [stdout] 81 | ...                   ops: wgpu::Operations {
[INFO] [stdout]    |                            ^^^^ use of undeclared crate or module `wgpu`
[INFO] [stdout] 
[INFO] [stdout] 
[INFO] [stdout] error[E0433]: failed to resolve: use of undeclared crate or module `wgpu`
[INFO] [stdout]   --> examples/demo_wgpu.rs:82:63
[INFO] [stdout]    |
[INFO] [stdout] 82 | ...                   load: wgpu::LoadOp::Clear(wgpu::Color { r: 0.5, g: 0.5, b: 0.5, a: 1.0 }),
[INFO] [stdout]    |                                                 ^^^^ use of undeclared crate or module `wgpu`
[INFO] [stdout] 
[INFO] [stdout] 
[INFO] [stdout] error[E0433]: failed to resolve: use of undeclared crate or module `wgpu`
[INFO] [stdout]    --> examples/demo_wgpu.rs:112:16
[INFO] [stdout]     |
[INFO] [stdout] 112 |     instance: &wgpu::Instance,
[INFO] [stdout]     |                ^^^^ use of undeclared crate or module `wgpu`
[INFO] [stdout] 
[INFO] [stdout] 
[INFO] [stdout] error[E0433]: failed to resolve: use of undeclared crate or module `wgpu`
[INFO] [stdout]    --> examples/demo_wgpu.rs:113:15
[INFO] [stdout]     |
[INFO] [stdout] 113 |     surface: &wgpu::Surface
[INFO] [stdout]     |               ^^^^ use of undeclared crate or module `wgpu`
[INFO] [stdout] 
[INFO] [stdout] 
[INFO] [stdout] error[E0433]: failed to resolve: use of undeclared crate or module `wgpu`
[INFO] [stdout]    --> examples/demo_wgpu.rs:114:7
[INFO] [stdout]     |
[INFO] [stdout] 114 | ) -> (wgpu::Adapter, Arc<wgpu::Device>, Arc<wgpu::Queue>) {
[INFO] [stdout]     |       ^^^^ use of undeclared crate or module `wgpu`
[INFO] [stdout] 
[INFO] [stdout] 
[INFO] [stdout] error[E0433]: failed to resolve: use of undeclared crate or module `wgpu`
[INFO] [stdout]    --> examples/demo_wgpu.rs:114:26
[INFO] [stdout]     |
[INFO] [stdout] 114 | ) -> (wgpu::Adapter, Arc<wgpu::Device>, Arc<wgpu::Queue>) {
[INFO] [stdout]     |                          ^^^^ use of undeclared crate or module `wgpu`
[INFO] [stdout] 
[INFO] [stdout] 
[INFO] [stdout] error[E0433]: failed to resolve: use of undeclared crate or module `wgpu`
[INFO] [stdout]    --> examples/demo_wgpu.rs:114:45
[INFO] [stdout]     |
[INFO] [stdout] 114 | ) -> (wgpu::Adapter, Arc<wgpu::Device>, Arc<wgpu::Queue>) {
[INFO] [stdout]     |                                             ^^^^ use of undeclared crate or module `wgpu`
[INFO] [stdout] 
[INFO] [stdout] 
[INFO] [stdout] error[E0433]: failed to resolve: use of undeclared crate or module `wgpu`
[INFO] [stdout]    --> examples/demo_wgpu.rs:115:45
[INFO] [stdout]     |
[INFO] [stdout] 115 |     let adapter = instance.request_adapter(&wgpu::RequestAdapterOptions {
[INFO] [stdout]     |                                             ^^^^ use of undeclared crate or module `wgpu`
[INFO] [stdout] 
[INFO] [stdout] 
[INFO] [stdout] error[E0433]: failed to resolve: use of undeclared crate or module `wgpu`
[INFO] [stdout]    --> examples/demo_wgpu.rs:123:10
[INFO] [stdout]     |
[INFO] [stdout] 123 |         &wgpu::DeviceDescriptor {
[INFO] [stdout]     |          ^^^^ use of undeclared crate or module `wgpu`
[INFO] [stdout] 
[INFO] [stdout] 
[INFO] [stdout] error[E0433]: failed to resolve: use of undeclared crate or module `wgpu`
[INFO] [stdout]    --> examples/demo_wgpu.rs:134:47
[INFO] [stdout]     |
[INFO] [stdout] 134 | fn swapchain_desc(width: u32, height: u32) -> wgpu::SwapChainDescriptor {
[INFO] [stdout]     |                                               ^^^^ use of undeclared crate or module `wgpu`
[INFO] [stdout] 
[INFO] [stdout] 
[INFO] [stdout] error[E0433]: failed to resolve: use of undeclared crate or module `wgpu`
[INFO] [stdout]    --> examples/demo_wgpu.rs:135:5
[INFO] [stdout]     |
[INFO] [stdout] 135 |     wgpu::SwapChainDescriptor {
[INFO] [stdout]     |     ^^^^ use of undeclared crate or module `wgpu`
[INFO] [stdout] 
[INFO] [stdout] 
[INFO] [stdout] error: aborting due to 25 previous errors
[INFO] [stdout] 
[INFO] [stdout] 
[INFO] [stdout] For more information about this error, try `rustc --explain E0433`.
[INFO] [stdout] 
[INFO] [stderr] error: could not compile `thyme` (example "demo_wgpu") due to 26 previous errors
[INFO] running `Command { std: "docker" "inspect" "d07718a7dc84e62f7c78d840025edf944acfe1b5ec1f08ec552aa419329dcbd1", kill_on_drop: false }`
[INFO] running `Command { std: "docker" "rm" "-f" "d07718a7dc84e62f7c78d840025edf944acfe1b5ec1f08ec552aa419329dcbd1", kill_on_drop: false }`
[INFO] [stdout] d07718a7dc84e62f7c78d840025edf944acfe1b5ec1f08ec552aa419329dcbd1
